{"id":135,"date":"2010-07-22T09:48:34","date_gmt":"2010-07-22T09:48:34","guid":{"rendered":"http:\/\/levriers-du-sud.org\/site\/"},"modified":"2024-01-25T18:05:23","modified_gmt":"2024-01-25T17:05:23","slug":"comment-adopter","status":"publish","type":"page","link":"https:\/\/www.levriers-du-sud.org\/site\/comment-adopter\/","title":{"rendered":"Comment adopter ?"},"content":{"rendered":"<p>Les l\u00e9vriers pour lesquels nous nous engageons sont pr\u00e9sent\u00e9s \u00e0 l\u2019adoption sur notre site, selon nos disponibilit\u00e9s de rapatriement et d\u2019accueil, ils seront remont\u00e9s en France pour rejoindre leur famille d\u2019adoption ou d&rsquo;accueil le temps de lui trouver un foyer.<br \/>\nNous ne pla\u00e7ons aucun l\u00e9vrier en refuge en France.<\/p>\n<p><strong><br \/>\nQue devez-vous faire pour adopter ?<br \/>\n1)<\/strong> <a href=\"http:\/\/levriers-du-sud.org\/formulaire\/FDA.doc\"><img loading=\"lazy\" decoding=\"async\" class=\"alignnone size-full wp-image-1745\" style=\"border: 0pt none;\" title=\"page_white_word\" src=\"http:\/\/www.levriers-du-sud.org\/site\/wp-content\/uploads\/2010\/07\/page_white_word.png\" alt=\"\" width=\"16\" height=\"16\" \/><\/a> <a title=\"Formulaire d'adoption\" href=\"http:\/\/levriers-du-sud.org\/formulaire\/FDA.pdf\"><img loading=\"lazy\" decoding=\"async\" class=\"alignnone size-full wp-image-763\" style=\"border: 0pt none;\" title=\"Formulaire d'adoption\" src=\"http:\/\/www.levriers-du-sud.org\/site\/wp-content\/uploads\/2010\/07\/page_white_acrobat.png\" alt=\"\" width=\"16\" height=\"16\" \/><\/a> T\u00e9l\u00e9charger le Formulaire de Demande d\u2019Adoption (FDA) <strong>ou remplissez le en ligne de pr\u00e9f\u00e9rence<\/strong>. Une fois compl\u00e9t\u00e9, envoyer-le par courrier \u00e0 l&rsquo;adresse du <strong>d\u00e9l\u00e9gu\u00e9 le plus proche de votre domicile<\/strong> ou le joindre par t\u00e9l\u00e9phone afin d\u2019\u00e9voquer votre d\u00e9sir d\u2019adoption, vos conditions d\u2019accueil et pouvoir ainsi d\u00e9finir lequel de nos prot\u00e9g\u00e9s serait le plus adapt\u00e9 et heureux dans votre environnement.<br \/>\n<strong>2)<\/strong> Le bureau de l&rsquo;association \u00e9tudie votre demande. Puis apr\u00e8s validation, le l\u00e9vrier que vous avez choisi vous est r\u00e9serv\u00e9. En Espagne, les refuges sont avertis et pr\u00e9parent le d\u00e9part de votre l\u00e9vrier. Un contrat d&rsquo;adoption vous est envoy\u00e9 afin de finaliser le dossier. Un exemplaire sera \u00e0 nous retourner sign\u00e9 avec les frais d&rsquo;adoption avant l&rsquo;arriv\u00e9e du chien.<br \/>\n<strong>3)<\/strong> Nous cherchons un voyage disponible aupr\u00e8s de l&rsquo;un de nos transporteurs agr\u00e9\u00e9s partenaires. Les transports sont effectu\u00e9s par des professionnels avec toutes les autorisations sanitaires et les camions homologu\u00e9s. Les chiens qui voyagent sont d\u00e9clar\u00e9s via le syst\u00e8me TRACES NT pour les \u00e9changes intra communautaires.<\/p>\n<p><strong>4)<\/strong> Les conditions du voyage vous serons communiqu\u00e9es ult\u00e9rieurement afin de fixer un lieu de rendez-vous pour l&rsquo;arriv\u00e9e.<\/p>\n<p><strong>Envoyer le formulaire par courrier \u00e0 LEVRIERS DU DUD, 584 route de la lucate, 40160 PARENTIS EN BORN ou par mail \u00e0 levriersdusud@gmail.com<\/strong><\/p>\n<p>&nbsp;<\/p>\n<p><strong>Tous nos l\u00e9vrier<\/strong><strong>s pr\u00e9sent\u00e9s \u00e0 l&rsquo;adoption sont en r\u00e8gle au niveau sanitaire :<\/strong><br \/>\n\u2022\u00a0\u00a0\u00a0 Ils sont \u00e0 jour de leurs vaccinations CHPL + rage.<br \/>\n\u2022\u00a0\u00a0\u00a0 Ils poss\u00e8dent un passeport europ\u00e9en conform\u00e9ment \u00e0 la r\u00e9glementation.<br \/>\n\u2022\u00a0\u00a0\u00a0 Ils ont \u00e9t\u00e9 test\u00e9 pour les maladies m\u00e9diterran\u00e9ennes (leishmaniose, filariose et ehrlichiose).<br \/>\n\u2022\u00a0\u00a0\u00a0 Ils portent une puce \u00e9lectronique.<br \/>\n\u2022\u00a0\u00a0\u00a0 Ils sont obligatoirement st\u00e9rilis\u00e9s. Si vous adoptez un chiot trop jeune pour \u00eatre st\u00e9rilis\u00e9, nous vous demandons un ch\u00e8que de caution de 200 euros que nous vous retournons apr\u00e8s avoir re\u00e7u le certificat de st\u00e9rilisation r\u00e9dig\u00e9 par votre v\u00e9t\u00e9rinaire. Les frais \u00e9tant \u00e0 votre charge, nous vous diminuons les frais d&rsquo;adoption \u00e0 250 euros.<\/p>\n<p><strong><br \/>\nLe jour de l&rsquo;adoption, nous vous demandons d&rsquo;apporter :<\/strong><br \/>\n&#8211; Une m\u00e9daille avec votre num\u00e9ro de t\u00e9l\u00e9phone et le nom de votre l\u00e9vrier.<br \/>\n&#8211; Un collier adapt\u00e9 , un harnais (de pr\u00e9f\u00e9rence 3 points) et 2 laisses.<\/p>\n<p>Il vous sera remis \u00e0 ce moment avec le passeport Europ\u00e9en, le carnet de sant\u00e9, les r\u00e9sultats des tests et le n\u00b0 de la puce \u00e9lectronique.<br \/>\nL&rsquo;adoptant devra effectuer la modification de la carte d&rsquo;identification \u00e0 son nom dans les 15 jours qui suivent l&rsquo;adoption et transmettre la photocopie de la carte \u00e0 L\u00e9vriers du Sud.<\/p>\n<p><strong>Notez bien :<br \/>\nL\u00e9vriers du Sud ne vous vendra pas ce l\u00e9vrier, il vous sera confi\u00e9 moralement pour une dur\u00e9e ind\u00e9termin\u00e9e tant que les conditions du contrat d&rsquo;adoption seront respect\u00e9es bien qu&rsquo;enregistr\u00e9 \u00e0 votre nom d\u00e8s son arriv\u00e9e.<\/strong><br \/>\nCette mesure nous permettant, en cas de malheur, de pouvoir emp\u00eacher que votre l\u00e9vrier ne se retrouve en refuge.<br \/>\nL&rsquo;association L\u00e9vriers du Sud se r\u00e9serve le droit de visite et \u00e9ventuellement de retrait imm\u00e9diat du l\u00e9vrier s&rsquo;il est constat\u00e9 qu&rsquo;il vit dans des conditions non satisfaisantes.<\/p>\n<p><strong>La participation demand\u00e9e aux adoptants est de 300 euros pour tous les chiens adultes sauv\u00e9s par l&rsquo;association<\/strong><strong> L\u00e9vriers du Sud.<br \/>\nPour les chiots, les frais sont de 250 euros (caution demand\u00e9e\u00a0 200 euros pour la st\u00e9rilisation et restitu\u00e9e sur pr\u00e9sentation d&rsquo;un justificatif) , et les s\u00e9niors 250 euros.<\/strong><br \/>\nCe montant ne couvre que partiellement les frais d\u00e9j\u00e0 engag\u00e9s pour le sauvetage du l\u00e9vrier adopt\u00e9 (vaccination, identification, tests maladies end\u00e9miques en Espagne, st\u00e9rilisation, nourriture, h\u00e9bergement, transport).<\/p>\n<p><strong><br \/>\nVotre l\u00e9vrier est enfin chez vous : quelques conseils\u2026<\/strong><br \/>\nM\u00eame si vous allez l&rsquo;accueillir dans les meilleures conditions possibles et avec les meilleures intentions, ce l\u00e9vrier a subi des traumatismes : abandon, coups, manque de nourriture, conditions de vie difficiles. La plupart du temps, il n&rsquo;a jamais connu la vie dans une maison. Heureusement, les l\u00e9vriers ont une incroyable facult\u00e9 d&rsquo;adaptation. Ils sont font rapidement au confort et ils ne mettent pas longtemps \u00e0 trouver le chemin du canap\u00e9 ! Toutefois, il sera perturb\u00e9 en quittant le refuge, apr\u00e8s avoir \u00e9t\u00e9 abandonn\u00e9 par son galguero, il a enfin re\u00e7u un peu d\u2019attention, s\u2019est cr\u00e9\u00e9 quelques habitudes qui sont \u00e0 nouveau chamboul\u00e9es. L&rsquo;acte d&rsquo;abandon est l\u00e2che et cruel, mais surtout incompr\u00e9hensible pour le chien qui en est victime m\u00eame si a \u00e9t\u00e9 maltrait\u00e9 par son gardien il n&rsquo;a bien souvent qu&rsquo;une id\u00e9e en t\u00eate : le retrouver, retourner au refuge o\u00f9 il se sentait en s\u00e9curit\u00e9.<br \/>\nPour cette raison, il est tr\u00e8s important d&rsquo;\u00eatre particuli\u00e8rement vigilant les premi\u00e8res semaines suivant l&rsquo;adoption. Un bruit ou une situation, qui peut vous para\u00eetre banal, risque de l&rsquo;effrayer (bruit de moto, un passant courant derri\u00e8re vous&#8230;). Le l\u00e9vrier risque alors de \u00ab\u00a0tirer au renard\u00a0\u00bb et de se d\u00e9gager la t\u00eate de son collier pour s&rsquo;\u00e9chapper. M\u00eame dans votre jardin, il n&rsquo;est pas en s\u00e9curit\u00e9. Un l\u00e9vrier est capable de sauter 2 m pour fuir devant la menace d\u2019une machine aussi terrifiante qu\u2019une\u2026 tondeuse \u00e0 gazon !<br \/>\nAussi, sortez toujours votre l\u00e9vrier en laisse. Ne le l\u00e2chez pas en for\u00eat sans vous \u00eatre assur\u00e9 auparavant qu&rsquo;il a un bon rappel. Ne laissez jamais votre l\u00e9vrier dans votre jardin libre et sans surveillance tant qu&rsquo;il n&rsquo;est pas parfaitement habitu\u00e9 \u00e0 sa nouvelle maison. Faites lui faire le tour des environs d\u00e8s le premier jour de l&rsquo;adoption afin qu&rsquo;il puisse avoir des rep\u00e8res pour revenir \u00e0 la maison. Utilisez un collier de l\u00e9vrier et un harnais et non pas un collier normal pour tous les chiens. Serrez-lui son collier de mani\u00e8re \u00e0 ce que vous puissiez passer seulement un doigt entre son cou et le collier. Mieux vaut un collier un peu serr\u00e9 qu&rsquo;un galgo mort \u00e9cras\u00e9 !<br \/>\n<strong>Si toutefois votre l\u00e9vrier venait \u00e0 s&rsquo;\u00e9chapper, avisez imm\u00e9diatement notre association, la police locale, les pompiers, la gendarmerie, la fourri\u00e8re, le garde champ\u00eatre, la municipalit\u00e9 et les chasseurs.<\/strong><br \/>\nUn animal abandonn\u00e9 est perturb\u00e9 et stress\u00e9 car il a perdu tous ses rep\u00e8res. Il avait des habitudes de propret\u00e9 qui vont \u00eatre chang\u00e9es. Sa nourriture va \u00eatre modifi\u00e9e. Il ne saura pas o\u00f9 se coucher et s&rsquo;abriter chez vous. Durant vos premi\u00e8res absences, il risque de pleurer parce qu&rsquo;il se croit \u00e0 nouveau abandonn\u00e9&#8230; Il vous faudra vous armer de patience et d&rsquo;indulgence pour l&rsquo;adapter \u00e0 votre environnement et \u00e0 votre mode de vie. Au d\u00e9but, faites lui faire le tour de la maison. Pr\u00e9sentez-lui chacune des pi\u00e8ces. Montrez lui son panier. Aidez-le \u00e0 monter dessus (m\u00eame en for\u00e7ant gentiment) et caressez le. Trouvez lui un coin de la maison o\u00f9 il pourra s&rsquo;isoler et o\u00f9 ses \u00e9ventuelles b\u00eatises en votre absence ne porteront pas \u00e0 cons\u00e9quence, comme par exemple la cuisine ou tout autre pi\u00e8ce au sol carrel\u00e9. Donnez-lui un jouet ou mieux un os en peau de buffle compress\u00e9 pour tromper son ennui. Surtout, ignorez le lorsque vous rentrez apr\u00e8s une absence et qu&rsquo;il vous fait la f\u00eate et ne le comblez pas de bisous avant de partir. Vous ne ferez qu&rsquo;accentuer son angoisse, il ne faut pas non plus le surprot\u00e9ger, il suffit de lui laisser prendre ses marque doucement (l\u2019adaptation est compl\u00e8te au bout de 2 mois).\u2028 N\u2019h\u00e9sitez pas \u00e0 nous contacter devant toute difficult\u00e9, elles sont tr\u00e8s facilement surmontables avec de bon conseils.<br \/>\nLe chien ou le chiot que vous allez adopter a besoin d&rsquo;\u00eatre \u00e9duqu\u00e9 et de s\u2019adapter \u00e0 votre mode de vie. Nous vous recommandons d&rsquo;aller prendre 2 ou 3 cours d&rsquo;\u00e9ducation canine dans le club le plus proche de chez vous. Vous pouvez vous renseigner \u00e0 la Soci\u00e9t\u00e9 Centrale Canine.<\/p>\n<p><strong>Les l\u00e9vriers et les chats ou animaux de compagnie<\/strong><br \/>\n<img loading=\"lazy\" decoding=\"async\" class=\"alignnone size-full wp-image-173\" title=\"galgo_chat\" src=\"http:\/\/levriers-du-sud.org\/site\/wp-content\/uploads\/2010\/07\/galgo_chat.jpg\" alt=\"\" width=\"560\" height=\"342\" srcset=\"https:\/\/www.levriers-du-sud.org\/site\/wp-content\/uploads\/2010\/07\/galgo_chat.jpg 560w, https:\/\/www.levriers-du-sud.org\/site\/wp-content\/uploads\/2010\/07\/galgo_chat-300x183.jpg 300w\" sizes=\"auto, (max-width: 560px) 100vw, 560px\" \/><\/p>\n<p>Les tests aux \u00ab\u00a0chats\u00a0\u00bb sont pratiqu\u00e9s dans les refuges espagnols. Cependant, les conditions de stress pour l&rsquo;animal \u00e9tant tr\u00e8s fortes, nous ne pouvons donc assurer la compatibilit\u00e9 avec les f\u00e9lins. Cela nous donne tout de m\u00eame une bonne indication.<br \/>\nN\u00e9anmoins, il vous incombe d&rsquo;\u00eatre tr\u00e8s vigilent lors des premiers contacts avec les autres animaux de votre maison. Ayez la m\u00eame vigilance pour les enfants en bas \u00e2ges.<br \/>\nNe laissez jamais votre l\u00e9vrier, vos chats, petits chiens ou enfants seuls sans surveillance. Un accident peut-\u00eatre si vite arriv\u00e9 sans que vous compreniez pourquoi.<br \/>\nCes tests ne sont pas surs \u00e0 100%, cela n&rsquo;engage en rien le s\u00e9rieux de notre association.<br \/>\nNous vous remercions de votre compr\u00e9hension.<\/p>\n","protected":false},"excerpt":{"rendered":"<p>Les l\u00e9vriers pour lesquels nous nous engageons sont pr\u00e9sent\u00e9s \u00e0 l\u2019adoption sur notre site, selon nos disponibilit\u00e9s de rapatriement et d\u2019accueil, ils seront remont\u00e9s en France pour rejoindre leur famille d\u2019adoption ou d&rsquo;accueil le temps de lui trouver un foyer. Nous ne pla\u00e7ons aucun l\u00e9vrier en refuge en France. Que devez-vous faire pour adopter ? [&hellip;]<\/p>\n","protected":false},"author":1,"featured_media":0,"parent":0,"menu_order":0,"comment_status":"open","ping_status":"open","template":"","meta":{"footnotes":""},"class_list":["post-135","page","type-page","status-publish","hentry"],"aioseo_notices":[],"_links":{"self":[{"href":"https:\/\/www.levriers-du-sud.org\/site\/wp-json\/wp\/v2\/pages\/135","targetHints":{"allow":["GET"]}}],"collection":[{"href":"https:\/\/www.levriers-du-sud.org\/site\/wp-json\/wp\/v2\/pages"}],"about":[{"href":"https:\/\/www.levriers-du-sud.org\/site\/wp-json\/wp\/v2\/types\/page"}],"author":[{"embeddable":true,"href":"https:\/\/www.levriers-du-sud.org\/site\/wp-json\/wp\/v2\/users\/1"}],"replies":[{"embeddable":true,"href":"https:\/\/www.levriers-du-sud.org\/site\/wp-json\/wp\/v2\/comments?post=135"}],"version-history":[{"count":9,"href":"https:\/\/www.levriers-du-sud.org\/site\/wp-json\/wp\/v2\/pages\/135\/revisions"}],"predecessor-version":[{"id":56153,"href":"https:\/\/www.levriers-du-sud.org\/site\/wp-json\/wp\/v2\/pages\/135\/revisions\/56153"}],"wp:attachment":[{"href":"https:\/\/www.levriers-du-sud.org\/site\/wp-json\/wp\/v2\/media?parent=135"}],"curies":[{"name":"wp","href":"https:\/\/api.w.org\/{rel}","templated":true}]}}