{"id":149,"date":"2024-09-01T14:42:56","date_gmt":"2024-09-01T13:42:56","guid":{"rendered":"http:\/\/levriers-du-sud.org\/site\/"},"modified":"2024-12-12T19:02:30","modified_gmt":"2024-12-12T18:02:30","slug":"dons-adhesion-a-lassociation-une-aide-precieuse","status":"publish","type":"page","link":"https:\/\/www.levriers-du-sud.org\/site\/dons-adhesion-a-lassociation-une-aide-precieuse\/","title":{"rendered":"Dons, adh\u00e9sion \u00e0 l&rsquo;association : une aide pr\u00e9cieuse"},"content":{"rendered":"<p><img loading=\"lazy\" decoding=\"async\" class=\"alignnone size-full wp-image-169\" title=\"refuge5\" src=\"http:\/\/levriers-du-sud.org\/site\/wp-content\/uploads\/2010\/07\/refuge5.jpg\" alt=\"\" width=\"560\" height=\"305\" srcset=\"https:\/\/www.levriers-du-sud.org\/site\/wp-content\/uploads\/2010\/07\/refuge5.jpg 562w, https:\/\/www.levriers-du-sud.org\/site\/wp-content\/uploads\/2010\/07\/refuge5-300x163.jpg 300w\" sizes=\"auto, (max-width: 560px) 100vw, 560px\" \/><\/p>\n<p><strong><span style=\"text-decoration: underline;\">Les dons libres<\/span><\/strong><br \/>\nLe fait de sauver un galgo et de le pr\u00e9parer de fa\u00e7on responsable pour l\u00b4adoption ici sur le terrain, n\u00b4est pas une chose facile, et comprend, en plus du travail humain : d\u00e9penses v\u00e9t\u00e9rinaires, nourriture, h\u00e9bergement, d\u00e9placement et souvent des d\u00e9penses \u00e9normes dues au mauvais \u00e9tat dans lequel se trouvent beaucoup de galgos et podencos au moment o\u00f9 on les r\u00e9cup\u00e8re (par exemple : traitement de blessures ou d\u00b4autres maladies comme la gale, la d\u00e9shydratation, les puces&#8230;)<br \/>\nVous apportez une aide tr\u00e8s gratifiante en payant les frais de sauvetage d&rsquo;un de ces pauvres animaux.<br \/>\nN\u00b4oubliez pas qu&rsquo;en plus des galgos que nous r\u00e9cup\u00e9rons directement, et que nous soignons, nous sommes aussi en contact avec quelques refuges espagnols o\u00f9 il y a de nombreux galgos en attente d\u00b4aide mat\u00e9rielle, de soins et d&rsquo;adoptions, et que nous aidons au fur et \u00e0 mesure de nos possibilit\u00e9s.\u2028 De plus, nos galgos sont souvent amen\u00e9s en famille d&rsquo;accueil afin d&rsquo;\u00eatre sociabilis\u00e9s (\u00e0 cause de leur peur de l&rsquo;homme due aux mauvais traitements), ce qui nous permet de lib\u00e9r\u00e9s d&rsquo;autres places dans notre refuges, et ainsi en sauver de nouveaux.<\/p>\n<p style=\"text-align: left;\"><strong>1) Envoyez vos ch\u00e8ques \u00e0 l&rsquo;ordre de \u00ab\u00a0L\u00e9vriers du Sud\u00a0\u00bb \u00e0 l&rsquo;adresse suivante :<br \/>\n<\/strong><strong>L\u00e9vriers du Sud<br \/>\nchez Marc Laury<\/strong><strong><br \/>\n24 impasse des Sarcelles<br \/>\n38920 Crolles<br \/>\nmarc.laury@free.fr<br \/>\n06 78 44 04 39<\/strong><\/p>\n<p><strong>2) Par virement au Cr\u00e9dit Agricole<br \/>\n<\/strong><\/p>\n<p>IBAN : <strong>FR76 1390 6000 0785 0318 6946 972<\/strong><\/p>\n<p>BIC :\u00a0 \u00a0<b>AGRIFRPP839<\/b><\/p>\n<p><strong>3) Par PAYPAL via le lien sur le site<\/strong><\/p>\n<table border=\"1\" width=\"544\" cellspacing=\"0\" cellpadding=\"0\">\n<caption>\u00a0<\/caption>\n<\/table>\n<p><strong>L&rsquo;association L\u00e9vriers du sud est maintenant autoris\u00e9e \u00e0 \u00e9mettre des re\u00e7us fiscaux pour vos dons. Ceux ci ne pourront \u00eatre d\u00e9livr\u00e9s que pour les dons sans contrepartie ( ni pour les adoptions, ni pour les achats solidaires sur les boutiques).<\/strong><\/p>\n<p>Vos dons vers\u00e9s \u00e0 l&rsquo;association donnent droit \u00e0 r\u00e9duction d&rsquo;imp\u00f4t. La r\u00e9duction s&rsquo;\u00e9l\u00e8ve \u00e0 66% dans la limite de 20% du revenu imposable. <span style=\"text-decoration: underline;\"><em><strong>Un re\u00e7u fiscal vous sera d\u00e9livr\u00e9 pour tout don \u00e0 partir de 10 \u20ac. <\/strong><\/em><\/span><\/p>\n<p>Un re\u00e7u vous sera d\u00e9livr\u00e9(Cerfa N\u00b011580*03)\u00e0 joindre \u00e0 votre d\u00e9claration.<br \/>\n<strong> <strong><br \/>\n<img loading=\"lazy\" decoding=\"async\" class=\"alignnone size-full wp-image-165\" title=\"refuge4\" src=\"http:\/\/levriers-du-sud.org\/site\/wp-content\/uploads\/2010\/07\/refuge4.jpg\" alt=\"\" width=\"130\" height=\"207\" \/> <img loading=\"lazy\" decoding=\"async\" class=\"alignnone size-full wp-image-163\" title=\"refuge2\" src=\"http:\/\/levriers-du-sud.org\/site\/wp-content\/uploads\/2010\/07\/refuge2.jpg\" alt=\"\" width=\"132\" height=\"207\" \/> <img loading=\"lazy\" decoding=\"async\" class=\"alignnone size-full wp-image-164\" title=\"refuge\" src=\"http:\/\/levriers-du-sud.org\/site\/wp-content\/uploads\/2010\/07\/refuge.jpg\" alt=\"\" width=\"279\" height=\"207\" \/><\/strong><\/strong><\/p>\n<p><strong><strong><strong><strong><br \/>\n<span style=\"text-decoration: underline;\"><br \/>\nCarte de membre<\/span><\/strong><br \/>\nCette participation financi\u00e8re servira \u00e0 couvrir les soins des chiens malades, payer les perreras (fourri\u00e8res espagnoles d&rsquo;\u00e9tat) pour qu&rsquo;ils nous \u00ab\u00a0vendent\u00a0\u00bb des chiens pourtant condamn\u00e9s \u00e0 l&rsquo;euthanasie, acheter des \u00e9quipements pour les refuges les plus d\u00e9munis ou de la nourriture, qui manque tant.<br \/>\nVoil\u00e0 ce \u00e0 quoi vous contribuerez si vous prenez votre carte d&rsquo;adh\u00e9rent L\u00e9vriers du Sud.<br \/>\n&#8211; Membre de soutien : 20 euros<br \/>\n&#8211; Junior (mineur) : 10 euros<br \/>\n&#8211; Membre bienfaiteur : \u00e0 partir de 30 euros<\/strong><\/strong><\/strong><\/p>\n<p style=\"text-align: left;\"><strong>1) Envoyez vos ch\u00e8ques \u00e0 l&rsquo;ordre de \u00ab\u00a0L\u00e9vriers du Sud\u00a0\u00bb \u00e0 l&rsquo;adresse suivante :<br \/>\n<\/strong><strong>L\u00e9vriers du Sud<br \/>\nchez Marc Laury<\/strong><strong><br \/>\n24 impasse des Sarcelles<br \/>\n38920 Crolles<\/strong><\/p>\n<p>0678440439<\/p>\n<p><strong>2) Par virement au Cr\u00e9dit agricole<br \/>\n<\/strong><\/p>\n<p>IBAN : <strong>FR76 1390 6000 0785 0318 6946 972<\/strong><\/p>\n<p>BIC :\u00a0 <b>AGRIFRPP839<\/b><\/p>\n<p><strong>3) Par PAYPAL via le lien sur le site<\/strong><\/p>\n<table border=\"1\" width=\"544\" cellspacing=\"0\" cellpadding=\"0\">\n<caption>\u00a0<\/caption>\n<\/table>\n<p><strong>\u00a0<\/strong><\/p>\n<p>&nbsp;<\/p>\n<p><strong><strong><strong><strong> <span style=\"text-decoration: underline;\"><br \/>\nLe co-voiturage<\/span><\/strong><br \/>\nEn effet, nous manquons souvent de personnes qui peuvent faire le relais entre l&rsquo;Espagne et la France.\u2028 Alors si vous faites souvent cet itin\u00e9raire ou que vous connaissez une personne qui le fait et qui pourrait descendre vers l&rsquo;Espagne des fournitures pour les refuges et\/ou remonter des chiens d&rsquo;Espagne.<\/strong><\/strong><\/strong><\/p>\n<p><strong><strong><strong><strong><br \/>\n<span style=\"text-decoration: underline;\"><br \/>\nCollecter du mat\u00e9riel<\/span><\/strong><\/strong><\/strong><\/strong><\/p>\n<p><strong><strong><strong><img loading=\"lazy\" decoding=\"async\" class=\"alignnone size-full wp-image-160\" title=\"donmatos\" src=\"http:\/\/levriers-du-sud.org\/site\/wp-content\/uploads\/2010\/07\/donmatos.jpg\" alt=\"\" width=\"255\" height=\"180\" \/> <img loading=\"lazy\" decoding=\"async\" class=\"alignnone size-full wp-image-161\" title=\"donmatos2\" src=\"http:\/\/levriers-du-sud.org\/site\/wp-content\/uploads\/2010\/07\/donmatos2.jpg\" alt=\"\" width=\"271\" height=\"180\" \/><\/strong><\/strong><\/strong><\/p>\n<p><strong><strong><strong>vous pouvez r\u00e9cup\u00e9rer du mat\u00e9riel que vous n&rsquo;utilisez plus, mais qui peut \u00eatre r\u00e9ellement utile pour les chiens, les chats des refuges.<br \/>\n&#8211; Couvertures, couettes, draps, manteaux \u00e9viter les matelas en mousse et oreillers en plumes\u00a0 (les chiens qui peuvent s&rsquo;\u00e9touffer avec si ils les d\u00e9chirent)<br \/>\n&#8211; Couvertures (m\u00eame usag\u00e9es mais propres)<br \/>\n&#8211; Croquettes (m\u00eame premier prix)<br \/>\n&#8211; Gamelles<br \/>\n&#8211; Paniers (\u00e9viter la mousse, certains chien la mange)\u2026<\/strong><\/strong><\/strong><\/p>\n<p><strong><strong><strong><strong><br \/>\n<span style=\"text-decoration: underline;\">Collecter des m\u00e9dicaments<\/span><\/strong><br \/>\n&#8211; Compresses\u00a0st\u00e9riles<br \/>\n&#8211; Bandes<br \/>\n&#8211; Antibiotiques, amoxycicline, m\u00e9tacam<br \/>\n&#8211; Antidiarrh\u00e9ique, smecta<br \/>\n&#8211; D\u00e9sinfectant : betadine<br \/>\n&#8211; Produits anti-parasites (puce et tiques)<br \/>\n&#8211; Collyre simple<br \/>\n&#8211; Allopurinol 300mg<br \/>\n&#8211; Doxycicline 100 mg<br \/>\n&#8211; Inmunoferon<br \/>\n&#8211; Vitamines (les galgos nous arrivent carenc\u00e9s) B12, B6, B1.<br \/>\n&#8211; Vermifuges\u2026<\/strong><\/strong><\/strong><\/p>\n<p><strong><strong><strong>N&rsquo;h\u00e9sitez pas \u00e0 nous contacter, nous ferons le n\u00e9cessaire aupr\u00e8s des structures espagnoles qui en ont le plus besoin.<br \/>\n<strong>Merci de votre g\u00e9n\u00e9rosit\u00e9.<\/strong><\/strong><\/strong><\/strong><\/p>\n<p><strong><strong><strong><strong>\u00a0<\/strong><\/strong><\/strong><\/strong><\/p>\n<p><strong><strong><strong><strong><span style=\"text-decoration: underline;\">Fabrication de manteaux<\/span><br \/>\n<\/strong>Vous pouvez \u00e9galement nous aider en confectionnant des manteaux pour les l\u00e9vriers en refuge en Espagne. Les conditions de vie en hiver sont tr\u00e8s dures, \u00e0 cause du vent, de la pluie et de la neige. Les l\u00e9vriers souffrent beaucoup du froid et de l&rsquo;humidit\u00e9, et nous apportons aux refuges des manteaux en polaire et imperm\u00e9ables afin de mieux les prot\u00e9ger. Nous vous donnons ici un mod\u00e8le tr\u00e8s simple \u00e0 r\u00e9aliser<\/strong><\/strong><\/strong><\/p>\n<p><strong><strong><strong><img loading=\"lazy\" decoding=\"async\" class=\"alignnone size-full wp-image-1923\" title=\"manteau levrier du sud\" src=\"http:\/\/www.levriers-du-sud.org\/site\/wp-content\/uploads\/2010\/09\/manteau-l-vrier.jpg\" alt=\"\" width=\"490\" height=\"674\" srcset=\"https:\/\/www.levriers-du-sud.org\/site\/wp-content\/uploads\/2010\/09\/manteau-l-vrier.jpg 490w, https:\/\/www.levriers-du-sud.org\/site\/wp-content\/uploads\/2010\/09\/manteau-l-vrier-218x300.jpg 218w\" sizes=\"auto, (max-width: 490px) 100vw, 490px\" \/><\/strong><\/strong><\/strong><\/p>\n<p><strong><strong><strong>Nous r\u00e9coltons \u00e9galement dans ce but : tissus polaires, tissus imperm\u00e9ables que vous pourrez faire passer par l&rsquo;interm\u00e9diaire d&rsquo;une d\u00e9l\u00e9gu\u00e9e de votre r\u00e9gion. Nos couturi\u00e8res b\u00e9n\u00e9voles se chargeront alors de les transformer en manteaux confortables pour les chiens des refuges.<\/strong><\/strong><\/strong><\/p>\n<p><strong><strong><strong><img loading=\"lazy\" decoding=\"async\" class=\"alignnone size-full wp-image-990\" title=\"manteau avr4 levriers du sud\" src=\"http:\/\/www.levriers-du-sud.org\/site\/wp-content\/uploads\/2010\/07\/manteau-avr4.jpg\" alt=\"\" width=\"280\" height=\"187\" \/> <img loading=\"lazy\" decoding=\"async\" class=\"alignnone size-full wp-image-991\" title=\"manteaux isa levriers du sud\" src=\"http:\/\/www.levriers-du-sud.org\/site\/wp-content\/uploads\/2010\/07\/manteaux-isa-1.jpg\" alt=\"\" width=\"249\" height=\"187\" \/><\/strong><\/strong><\/strong><\/p>\n<p><strong><strong><strong><strong>\u00a0<\/strong><\/strong><\/strong><\/strong><\/p>\n<div id=\"_mcePaste\" style=\"position: absolute; left: -10000px; top: 1318px; width: 1px; height: 1px; overflow: hidden;\">\n<table border=\"1\" width=\"560\" cellspacing=\"1\" cellpadding=\"1\" bgcolor=\"#ffffff\">\n<tbody>\n<tr style=\"text-align: center;\">\n<td width=\"160\">\n<div><strong>Banque<\/strong><\/div>\n<\/td>\n<td width=\"128\">\n<div><strong>Code guichet<\/strong><\/div>\n<\/td>\n<td width=\"120\">\n<div><strong>N\u00b0 de compte<\/strong><\/div>\n<\/td>\n<td width=\"129\">\n<div><strong>Cl\u00e9 RIB<\/strong><\/div>\n<\/td>\n<\/tr>\n<tr style=\"text-align: center;\">\n<td>\n<div>13335<\/div>\n<\/td>\n<td>\n<div>00040<\/div>\n<\/td>\n<td>\n<div>08000261522<\/div>\n<\/td>\n<td>\n<div>86<\/div>\n<\/td>\n<\/tr>\n<\/tbody>\n<\/table>\n<\/div>\n","protected":false},"excerpt":{"rendered":"<p>Les dons libres Le fait de sauver un galgo et de le pr\u00e9parer de fa\u00e7on responsable pour l\u00b4adoption ici sur le terrain, n\u00b4est pas une chose facile, et comprend, en plus du travail humain : d\u00e9penses v\u00e9t\u00e9rinaires, nourriture, h\u00e9bergement, d\u00e9placement et souvent des d\u00e9penses \u00e9normes dues au mauvais \u00e9tat dans lequel se trouvent beaucoup de [&hellip;]<\/p>\n","protected":false},"author":1,"featured_media":0,"parent":0,"menu_order":0,"comment_status":"open","ping_status":"open","template":"","meta":{"footnotes":""},"class_list":["post-149","page","type-page","status-publish","hentry"],"aioseo_notices":[],"_links":{"self":[{"href":"https:\/\/www.levriers-du-sud.org\/site\/wp-json\/wp\/v2\/pages\/149","targetHints":{"allow":["GET"]}}],"collection":[{"href":"https:\/\/www.levriers-du-sud.org\/site\/wp-json\/wp\/v2\/pages"}],"about":[{"href":"https:\/\/www.levriers-du-sud.org\/site\/wp-json\/wp\/v2\/types\/page"}],"author":[{"embeddable":true,"href":"https:\/\/www.levriers-du-sud.org\/site\/wp-json\/wp\/v2\/users\/1"}],"replies":[{"embeddable":true,"href":"https:\/\/www.levriers-du-sud.org\/site\/wp-json\/wp\/v2\/comments?post=149"}],"version-history":[{"count":17,"href":"https:\/\/www.levriers-du-sud.org\/site\/wp-json\/wp\/v2\/pages\/149\/revisions"}],"predecessor-version":[{"id":57735,"href":"https:\/\/www.levriers-du-sud.org\/site\/wp-json\/wp\/v2\/pages\/149\/revisions\/57735"}],"wp:attachment":[{"href":"https:\/\/www.levriers-du-sud.org\/site\/wp-json\/wp\/v2\/media?parent=149"}],"curies":[{"name":"wp","href":"https:\/\/api.w.org\/{rel}","templated":true}]}}

Dons, adhésion à l&rsquo;association : une aide précieuse

<p><img loading="lazy" decoding="async" class="alignnone size-full wp-image-169" title="refuge5" src="http://levriers-du-sud.org/site/wp-content/uploads/2010/07/refuge5.jpg" alt="" width="560" height="305" srcset="https://www.levriers-du-sud.org/site/wp-content/uploads/2010/07/refuge5.jpg 562w, https://www.levriers-du-sud.org/site/wp-content/uploads/2010/07/refuge5-300x163.jpg 300w" sizes="auto, (max-width: 560px) 100vw, 560px" /></p>
<p><strong><span style="text-decoration: underline;">Les dons libres</span></strong><br />
Le fait de sauver un galgo et de le préparer de façon responsable pour l´adoption ici sur le terrain, n´est pas une chose facile, et comprend, en plus du travail humain : dépenses vétérinaires, nourriture, hébergement, déplacement et souvent des dépenses énormes dues au mauvais état dans lequel se trouvent beaucoup de galgos et podencos au moment où on les récupère (par exemple : traitement de blessures ou d´autres maladies comme la gale, la déshydratation, les puces&#8230;)<br />
Vous apportez une aide très gratifiante en payant les frais de sauvetage d&rsquo;un de ces pauvres animaux.<br />
N´oubliez pas qu&rsquo;en plus des galgos que nous récupérons directement, et que nous soignons, nous sommes aussi en contact avec quelques refuges espagnols où il y a de nombreux galgos en attente d´aide matérielle, de soins et d&rsquo;adoptions, et que nous aidons au fur et à mesure de nos possibilités.  De plus, nos galgos sont souvent amenés en famille d&rsquo;accueil afin d&rsquo;être sociabilisés (à cause de leur peur de l&rsquo;homme due aux mauvais traitements), ce qui nous permet de libérés d&rsquo;autres places dans notre refuges, et ainsi en sauver de nouveaux.</p>
<p style="text-align: left;"><strong>1) Envoyez vos chèques à l&rsquo;ordre de « Lévriers du Sud » à l&rsquo;adresse suivante :<br />
</strong><strong>Lévriers du Sud<br />
chez Marc Laury</strong><strong><br />
24 impasse des Sarcelles<br />
38920 Crolles<br />
marc.laury@free.fr<br />
06 78 44 04 39</strong></p>
<p><strong>2) Par virement au Crédit Agricole<br />
</strong></p>
<p>IBAN : <strong>FR76 1390 6000 0785 0318 6946 972</strong></p>
<p>BIC :   <b>AGRIFRPP839</b></p>
<p><strong>3) Par PAYPAL via le lien sur le site</strong></p>
<table border="1" width="544" cellspacing="0" cellpadding="0">
<caption> </caption>
</table>
<p><strong>L&rsquo;association Lévriers du sud est maintenant autorisée à émettre des reçus fiscaux pour vos dons. Ceux ci ne pourront être délivrés que pour les dons sans contrepartie ( ni pour les adoptions, ni pour les achats solidaires sur les boutiques).</strong></p>
<p>Vos dons versés à l&rsquo;association donnent droit à réduction d&rsquo;impôt. La réduction s&rsquo;élève à 66% dans la limite de 20% du revenu imposable. <span style="text-decoration: underline;"><em><strong>Un reçu fiscal vous sera délivré pour tout don à partir de 10 €. </strong></em></span></p>
<p>Un reçu vous sera délivré(Cerfa N°11580*03)à joindre à votre déclaration.<br />
<strong> <strong><br />
<img loading="lazy" decoding="async" class="alignnone size-full wp-image-165" title="refuge4" src="http://levriers-du-sud.org/site/wp-content/uploads/2010/07/refuge4.jpg" alt="" width="130" height="207" /> <img loading="lazy" decoding="async" class="alignnone size-full wp-image-163" title="refuge2" src="http://levriers-du-sud.org/site/wp-content/uploads/2010/07/refuge2.jpg" alt="" width="132" height="207" /> <img loading="lazy" decoding="async" class="alignnone size-full wp-image-164" title="refuge" src="http://levriers-du-sud.org/site/wp-content/uploads/2010/07/refuge.jpg" alt="" width="279" height="207" /></strong></strong></p>
<p><strong><strong><strong><strong><br />
<span style="text-decoration: underline;"><br />
Carte de membre</span></strong><br />
Cette participation financière servira à couvrir les soins des chiens malades, payer les perreras (fourrières espagnoles d&rsquo;état) pour qu&rsquo;ils nous « vendent » des chiens pourtant condamnés à l&rsquo;euthanasie, acheter des équipements pour les refuges les plus démunis ou de la nourriture, qui manque tant.<br />
Voilà ce à quoi vous contribuerez si vous prenez votre carte d&rsquo;adhérent Lévriers du Sud.<br />
&#8211; Membre de soutien : 20 euros<br />
&#8211; Junior (mineur) : 10 euros<br />
&#8211; Membre bienfaiteur : à partir de 30 euros</strong></strong></strong></p>
<p style="text-align: left;"><strong>1) Envoyez vos chèques à l&rsquo;ordre de « Lévriers du Sud » à l&rsquo;adresse suivante :<br />
</strong><strong>Lévriers du Sud<br />
chez Marc Laury</strong><strong><br />
24 impasse des Sarcelles<br />
38920 Crolles</strong></p>
<p>0678440439</p>
<p><strong>2) Par virement au Crédit agricole<br />
</strong></p>
<p>IBAN : <strong>FR76 1390 6000 0785 0318 6946 972</strong></p>
<p>BIC :  <b>AGRIFRPP839</b></p>
<p><strong>3) Par PAYPAL via le lien sur le site</strong></p>
<table border="1" width="544" cellspacing="0" cellpadding="0">
<caption> </caption>
</table>
<p><strong> </strong></p>
<p>&nbsp;</p>
<p><strong><strong><strong><strong> <span style="text-decoration: underline;"><br />
Le co-voiturage</span></strong><br />
En effet, nous manquons souvent de personnes qui peuvent faire le relais entre l&rsquo;Espagne et la France.  Alors si vous faites souvent cet itinéraire ou que vous connaissez une personne qui le fait et qui pourrait descendre vers l&rsquo;Espagne des fournitures pour les refuges et/ou remonter des chiens d&rsquo;Espagne.</strong></strong></strong></p>
<p><strong><strong><strong><strong><br />
<span style="text-decoration: underline;"><br />
Collecter du matériel</span></strong></strong></strong></strong></p>
<p><strong><strong><strong><img loading="lazy" decoding="async" class="alignnone size-full wp-image-160" title="donmatos" src="http://levriers-du-sud.org/site/wp-content/uploads/2010/07/donmatos.jpg" alt="" width="255" height="180" /> <img loading="lazy" decoding="async" class="alignnone size-full wp-image-161" title="donmatos2" src="http://levriers-du-sud.org/site/wp-content/uploads/2010/07/donmatos2.jpg" alt="" width="271" height="180" /></strong></strong></strong></p>
<p><strong><strong><strong>vous pouvez récupérer du matériel que vous n&rsquo;utilisez plus, mais qui peut être réellement utile pour les chiens, les chats des refuges.<br />
&#8211; Couvertures, couettes, draps, manteaux éviter les matelas en mousse et oreillers en plumes  (les chiens qui peuvent s&rsquo;étouffer avec si ils les déchirent)<br />
&#8211; Couvertures (même usagées mais propres)<br />
&#8211; Croquettes (même premier prix)<br />
&#8211; Gamelles<br />
&#8211; Paniers (éviter la mousse, certains chien la mange)…</strong></strong></strong></p>
<p><strong><strong><strong><strong><br />
<span style="text-decoration: underline;">Collecter des médicaments</span></strong><br />
&#8211; Compresses stériles<br />
&#8211; Bandes<br />
&#8211; Antibiotiques, amoxycicline, métacam<br />
&#8211; Antidiarrhéique, smecta<br />
&#8211; Désinfectant : betadine<br />
&#8211; Produits anti-parasites (puce et tiques)<br />
&#8211; Collyre simple<br />
&#8211; Allopurinol 300mg<br />
&#8211; Doxycicline 100 mg<br />
&#8211; Inmunoferon<br />
&#8211; Vitamines (les galgos nous arrivent carencés) B12, B6, B1.<br />
&#8211; Vermifuges…</strong></strong></strong></p>
<p><strong><strong><strong>N&rsquo;hésitez pas à nous contacter, nous ferons le nécessaire auprès des structures espagnoles qui en ont le plus besoin.<br />
<strong>Merci de votre générosité.</strong></strong></strong></strong></p>
<p><strong><strong><strong><strong> </strong></strong></strong></strong></p>
<p><strong><strong><strong><strong><span style="text-decoration: underline;">Fabrication de manteaux</span><br />
</strong>Vous pouvez également nous aider en confectionnant des manteaux pour les lévriers en refuge en Espagne. Les conditions de vie en hiver sont très dures, à cause du vent, de la pluie et de la neige. Les lévriers souffrent beaucoup du froid et de l&rsquo;humidité, et nous apportons aux refuges des manteaux en polaire et imperméables afin de mieux les protéger. Nous vous donnons ici un modèle très simple à réaliser</strong></strong></strong></p>
<p><strong><strong><strong><img loading="lazy" decoding="async" class="alignnone size-full wp-image-1923" title="manteau levrier du sud" src="http://www.levriers-du-sud.org/site/wp-content/uploads/2010/09/manteau-l-vrier.jpg" alt="" width="490" height="674" srcset="https://www.levriers-du-sud.org/site/wp-content/uploads/2010/09/manteau-l-vrier.jpg 490w, https://www.levriers-du-sud.org/site/wp-content/uploads/2010/09/manteau-l-vrier-218x300.jpg 218w" sizes="auto, (max-width: 490px) 100vw, 490px" /></strong></strong></strong></p>
<p><strong><strong><strong>Nous récoltons également dans ce but : tissus polaires, tissus imperméables que vous pourrez faire passer par l&rsquo;intermédiaire d&rsquo;une déléguée de votre région. Nos couturières bénévoles se chargeront alors de les transformer en manteaux confortables pour les chiens des refuges.</strong></strong></strong></p>
<p><strong><strong><strong><img loading="lazy" decoding="async" class="alignnone size-full wp-image-990" title="manteau avr4 levriers du sud" src="http://www.levriers-du-sud.org/site/wp-content/uploads/2010/07/manteau-avr4.jpg" alt="" width="280" height="187" /> <img loading="lazy" decoding="async" class="alignnone size-full wp-image-991" title="manteaux isa levriers du sud" src="http://www.levriers-du-sud.org/site/wp-content/uploads/2010/07/manteaux-isa-1.jpg" alt="" width="249" height="187" /></strong></strong></strong></p>
<p><strong><strong><strong><strong> </strong></strong></strong></strong></p>
<div id="_mcePaste" style="position: absolute; left: -10000px; top: 1318px; width: 1px; height: 1px; overflow: hidden;">
<table border="1" width="560" cellspacing="1" cellpadding="1" bgcolor="#ffffff">
<tbody>
<tr style="text-align: center;">
<td width="160">
<div><strong>Banque</strong></div>
</td>
<td width="128">
<div><strong>Code guichet</strong></div>
</td>
<td width="120">
<div><strong>N° de compte</strong></div>
</td>
<td width="129">
<div><strong>Clé RIB</strong></div>
</td>
</tr>
<tr style="text-align: center;">
<td>
<div>13335</div>
</td>
<td>
<div>00040</div>
</td>
<td>
<div>08000261522</div>
</td>
<td>
<div>86</div>
</td>
</tr>
</tbody>
</table>
</div>

<p>Les dons libres Le fait de sauver un galgo et de le préparer de façon responsable pour l´adoption ici sur le terrain, n´est pas une chose facile, et comprend, en plus du travail humain : dépenses vétérinaires, nourriture, hébergement, déplacement et souvent des dépenses énormes dues au mauvais état dans lequel se trouvent beaucoup de [&hellip;]</p>
