{"id":79,"date":"2010-07-22T09:48:29","date_gmt":"2010-07-22T09:48:29","guid":{"rendered":"http:\/\/levriers-du-sud.org\/site\/"},"modified":"2017-10-07T08:19:50","modified_gmt":"2017-10-07T06:19:50","slug":"decouvrir-le-galgo","status":"publish","type":"page","link":"https:\/\/www.levriers-du-sud.org\/site\/decouvrir-le-galgo\/","title":{"rendered":"D\u00e9couvrir le galgo"},"content":{"rendered":"<p><img loading=\"lazy\" decoding=\"async\" class=\"alignnone size-full wp-image-187\" title=\"Course\" src=\"http:\/\/levriers-du-sud.org\/site\/wp-content\/uploads\/2010\/07\/Course.jpg\" alt=\"\" width=\"562\" height=\"177\" srcset=\"https:\/\/www.levriers-du-sud.org\/site\/wp-content\/uploads\/2010\/07\/Course.jpg 572w, https:\/\/www.levriers-du-sud.org\/site\/wp-content\/uploads\/2010\/07\/Course-300x94.jpg 300w\" sizes=\"auto, (max-width: 562px) 100vw, 562px\" \/><\/p>\n<p><strong>Le galgo<\/strong> ou <strong>l\u00e9vrier espagnol<\/strong> est un chien de course et de compagnie mesurant de 62 \u00e0 70 cm au garrot, 60 \u00e0 68 cm pour les femelles, pour un poids de 25-30 kg.<br \/>\nIl a une long\u00e9vit\u00e9 d&rsquo;environ 12 ans.<\/p>\n<p><img loading=\"lazy\" decoding=\"async\" class=\"alignnone  wp-image-183\" title=\"Mina5\" src=\"http:\/\/levriers-du-sud.org\/site\/wp-content\/uploads\/2010\/07\/Mina5.jpg\" alt=\"\" width=\"281\" height=\"199\" \/> <img loading=\"lazy\" decoding=\"async\" class=\"alignnone  wp-image-38990\" src=\"http:\/\/www.levriers-du-sud.org\/site\/wp-content\/uploads\/2010\/07\/FB_IMG_1473614692375-300x218.jpg\" alt=\"\" width=\"276\" height=\"201\" srcset=\"https:\/\/www.levriers-du-sud.org\/site\/wp-content\/uploads\/2010\/07\/FB_IMG_1473614692375-300x218.jpg 300w, https:\/\/www.levriers-du-sud.org\/site\/wp-content\/uploads\/2010\/07\/FB_IMG_1473614692375-768x558.jpg 768w, https:\/\/www.levriers-du-sud.org\/site\/wp-content\/uploads\/2010\/07\/FB_IMG_1473614692375-1024x744.jpg 1024w, https:\/\/www.levriers-du-sud.org\/site\/wp-content\/uploads\/2010\/07\/FB_IMG_1473614692375.jpg 1157w\" sizes=\"auto, (max-width: 276px) 100vw, 276px\" \/><\/p>\n<p><img loading=\"lazy\" decoding=\"async\" class=\"alignnone size-full wp-image-179\" title=\"Gigi\" src=\"http:\/\/levriers-du-sud.org\/site\/wp-content\/uploads\/2010\/07\/Gigi1.jpg\" alt=\"\" width=\"243\" height=\"207\" \/> <img loading=\"lazy\" decoding=\"async\" class=\"alignnone size-full wp-image-87\" title=\"Mina2\" src=\"http:\/\/levriers-du-sud.org\/site\/wp-content\/uploads\/2010\/07\/Mina2.jpg\" alt=\"\" width=\"176\" height=\"207\" \/> <img loading=\"lazy\" decoding=\"async\" class=\"alignnone size-full wp-image-495\" title=\"Loli2\" src=\"http:\/\/www.levriers-du-sud.org\/site\/wp-content\/uploads\/2010\/07\/Loli2.jpg\" alt=\"\" width=\"137\" height=\"207\" \/><\/p>\n<p><strong><br \/>\nSon histoire en quelques mots<\/strong><br \/>\nChien qui chasse le li\u00e8vre en terrain d\u00e9couvert et qui se dirige par la vue. Jadis il a \u00e9galement \u00e9t\u00e9 utilis\u00e9 pour chasser d&rsquo;autres gibiers \u00e0 poil tels que le lapin, le renard voire le sanglier ; cependant l&rsquo;utilisation primordiale de la race a \u00e9t\u00e9 et reste la chasse au li\u00e8vre en terrain d\u00e9couvert.<\/p>\n<p>Le Galgo espagnol est connu d\u00e8s l&rsquo;Antiquit\u00e9 par les Romains, encore que nous sommes amen\u00e9s \u00e0 supposer que son arriv\u00e9e et son implantation dans la P\u00e9ninsule sont tr\u00e8s ant\u00e9rieures \u00e0 cette \u00e9poque. Descendant des anciens l\u00e9vriers asiatiques il s&rsquo;est adapt\u00e9 \u00e0 nos diff\u00e9rents terrains de steppes et de plaines. Il fut export\u00e9 en grandes quantit\u00e9s dans d&rsquo;autres pays tels que l&rsquo;Irlande et l&rsquo;Angleterre au cours des XVI\u00e8me, XVIl\u00e8me et XVIII\u00e8me si\u00e8cles.<br \/>\nNotre l\u00e9vrier espagnol est un des anc\u00eatres du l\u00e9vrier anglais qui pr\u00e9sente avec le Galgo les ressemblances propres \u00e0 la race qui servirent de base \u00e0 ses s\u00e9lections et acclimatations ult\u00e9rieures. Parmi les nombreuses citations des auteurs classiques, il convient de souligner celle de l&rsquo;archipr\u00eatre de Hita qui dit : \u00ab\u00a0Li\u00e8vre qui part est aussit\u00f4t pris en chasse par le l\u00e9vrier&#8230;\u00a0\u00bb ; il atteste ainsi la fonction principale et ancestrale de la race.<\/p>\n<p><strong>Vivre avec un galgo<\/strong><br \/>\nDe caract\u00e8re s\u00e9rieux et r\u00e9serv\u00e9 ; cependant, \u00e0 la chasse, il fait \u00e0 l&rsquo;occasion preuve de grande \u00e9nergie et vivacit\u00e9.<br \/>\nJoueur, sportif \u00e0 l&rsquo;ext\u00e9rieur, il est extr\u00eamement calme, doux et d\u00e9licat \u00e0 l&rsquo;int\u00e9rieur.<br \/>\nIl s&rsquo;adapte \u00e0 votre activit\u00e9 avec une saisissante rapidit\u00e9.<br \/>\nLes l\u00e9vriers sont affectueux, collants m\u00eame.<br \/>\nLa communication entre un l\u00e9vrier et son ma\u00eetre est permanente. Si on le laisse faire, un l\u00e9vrier passerait volontiers sa journ\u00e9e, sa t\u00eate, voire son corps entier, sur vos genoux !!<\/p>\n<p><img loading=\"lazy\" decoding=\"async\" class=\"alignnone size-full wp-image-89\" title=\"Gigi3\" src=\"http:\/\/levriers-du-sud.org\/site\/wp-content\/uploads\/2010\/07\/Gigi3.jpg\" alt=\"\" width=\"272\" height=\"207\" \/> <img loading=\"lazy\" decoding=\"async\" class=\"alignnone size-full wp-image-90\" title=\"Gigi5\" src=\"http:\/\/levriers-du-sud.org\/site\/wp-content\/uploads\/2010\/07\/Gigi5.jpg\" alt=\"\" width=\"288\" height=\"207\" \/><\/p>\n","protected":false},"excerpt":{"rendered":"<p>Le galgo ou l\u00e9vrier espagnol est un chien de course et de compagnie mesurant de 62 \u00e0 70 cm au garrot, 60 \u00e0 68 cm pour les femelles, pour un poids de 25-30 kg. Il a une long\u00e9vit\u00e9 d&rsquo;environ 12 ans. Son histoire en quelques mots Chien qui chasse le li\u00e8vre en terrain d\u00e9couvert et [&hellip;]<\/p>\n","protected":false},"author":1,"featured_media":0,"parent":0,"menu_order":0,"comment_status":"open","ping_status":"open","template":"","meta":{"footnotes":""},"class_list":["post-79","page","type-page","status-publish","hentry"],"aioseo_notices":[],"_links":{"self":[{"href":"https:\/\/www.levriers-du-sud.org\/site\/wp-json\/wp\/v2\/pages\/79","targetHints":{"allow":["GET"]}}],"collection":[{"href":"https:\/\/www.levriers-du-sud.org\/site\/wp-json\/wp\/v2\/pages"}],"about":[{"href":"https:\/\/www.levriers-du-sud.org\/site\/wp-json\/wp\/v2\/types\/page"}],"author":[{"embeddable":true,"href":"https:\/\/www.levriers-du-sud.org\/site\/wp-json\/wp\/v2\/users\/1"}],"replies":[{"embeddable":true,"href":"https:\/\/www.levriers-du-sud.org\/site\/wp-json\/wp\/v2\/comments?post=79"}],"version-history":[{"count":2,"href":"https:\/\/www.levriers-du-sud.org\/site\/wp-json\/wp\/v2\/pages\/79\/revisions"}],"predecessor-version":[{"id":38991,"href":"https:\/\/www.levriers-du-sud.org\/site\/wp-json\/wp\/v2\/pages\/79\/revisions\/38991"}],"wp:attachment":[{"href":"https:\/\/www.levriers-du-sud.org\/site\/wp-json\/wp\/v2\/media?parent=79"}],"curies":[{"name":"wp","href":"https:\/\/api.w.org\/{rel}","templated":true}]}}